2 - 21) + 16 - -6.
-10
Evaluate 5 - 3 - (11 + -3) - -7.
1
(-28 - -30 - 38) + 8
-28
Calculate 58 - 68 - (0 - 6) - (0 + 23).
-27
(21 - 1) + -31 + 11
0
Calculate -8 - (-36 + (6 - -9)).
13
2 + 8 + -3 + -2 + (8 - 2)
11
-14 - (-10 - 4 - 1) - 0
1
What is the value of (-22 - -11) + (-6 - 4) + 6 + -1?
-16
13 - (15 - (7 + (8 - 9)))
4
What is the value of 5 + -28 + (37 - -1)?
15
34 + -33 + (1 - -6) - 3
5
(-33 - (-32 - 7)) + -1 + (-2 - -10)
13
Calculate -3 - (6 + (-3 - (3 - (8 - 6)))).
-5
What is the value of (3 + -38 + 18 - (-12 - -1)) + -23?
-29
What is 0 + 2 + 2 + (-43 - -34)?
-5
What is the value of (-15 - (-65 + 28)) + -29?
-7
0 - 8 - (34 + -52)
10
Evaluate 12 - (1 - 14 - -22).
3
Calculate 12 - -1 - 2 - (1 - 25).
35
-18 - -20 - (5 + 0)
-3
What is 8 + (5 - -9 - 10) + -6?
6
Calculate -16 + -23 - -25 - -8.
-6
10 - (-15 - -19 - -4)
2
-11 + (29 - 21) - -23
20
What is -1 + 4 - (-69 - -70)?
2
What is the value of -1 - -3 - 11 - (71 - 96)?
16
What is (-54 + 49 - (-3 + 2)) + 18?
14
Calculate 7 - -2 - ((-9 - (-8 + -7)) + -5).
8
Calculate -1 + 0 + 3 + -3 + (11 - 1).
9
What is the value of (-77 - -69) + 9 + 0?
1
10 + 1 + -44 + 52
19
What is the value of (-1 - 0) + (10 - 11) + (-26 - -33)?
5
Evaluate (28 - 32) + 1 + -1 - (-4 + 0).
0
Evaluate -5 + -16 + (-2 - -12).
-11
What is the value of 6 - (-1 + (-1 - -9)) - -3 - -19?
21
What is 4 + (8 - (31 + (13 - 11) + -10))?
-11
What is -3 + -3 + 2 + -4 - (188 - 210)?
14
Evaluate (125 - 122) + (12 - 4 - 4 - 2).
5
What is the value of 3 - -1 - (45 + -54)?
13
What is the value of -7 - (3 - (-11 + 11 + 5))?
-5
What is 4 + (-1 - (-13 - -6) - -3) + -9?
4
What is -3 + (13 + -8 - 5) + -1 + 23?
19
What is the value of 9 + -7 + (-3 - (1 - -4)) + 7?
1
(-1 - -5) + 10 + (5 - 7)
12
What is 0 + -18 - -16 - -14?
12
What is -2 + 8 + -2 + (-6 - -6) + -7?
-3
Evaluate 14 - (-5 + (-1 + 2 - (-10 - -8))).
16
Calculate 36 + (-12 - 14) + 24.
34
Evaluate 2 + 5 + (4 + -3 - (5 + -1)).
4
What is the value of 1 - (181 - 188 - (-8 - 1 - 1))?
-2
What is -7 + (0 - -6) - 10?
-11
What is the value of 2 - (-12 - 1 - -12)?
3
What is 6 - (5 + 0 + (5 - 4)) - -3?
3
-7 - ((5 - 6) + 2)
-8
What is 8 - (28 + -10) - -26?
16
What is -129 + 43 + 85 + (0 - (9 - -1))?
-11
-37 + (55 - (-4 + 33))
-11
What is the value of 7 + (-15 - -12) - 4 - (3 - -2)?
-5
Evaluate -129 + 133 - (0 - 0 - 9).
13
Calculate 10 + (-9 - (-44 + 25)).
20
What is (6 - 0) + -16 + 12?
2
(1 - (3 + 1)) + (-35 + 12 - -19)
-7
What is -3 - (-7 + -4 + -4 + 3)?
9
Evaluate (-43 + 19 - -40) + -12.
4
Calculate -2 + 10 + -3 + -1 - (-29 - -41).
-8
(13 - -2) + -5 - ((23 - -2) + -43)
28
What is the value of 5 + -4 + (-1 + 9 - 17)?
-8
What is the value of -1 + 21 + -29 + (0 - (2 + -11))?
0
Evaluate (-13 - -3 - (14 + 7) - -6) + 2.
-23
31 + -10 + (-23 - 10)
-12
Evaluate -5 + 6 - (-4 + 3 + -8 + 0).
10
What is the value of 9 - (-18 + (12 - -1))?
14
Calculate -9 - (-28 + 13 - -11).
-5
-11 + 3 + (85 - 72)
5
What is the value of -11 + (-2 + 7 + 1 - (0 + 3))?
-8
Evaluate -11 + (6 - -10) + 0.
5
What is 2 - 15 - (65 - 68)?
-10
Calculate 5 + (5 - (0 + -8)).
18
Evaluate -31 + (-16 - (-55 + 31)).
-23
What is the value of -25 + 29 - (0 + -5) - 0?
9
Calculate 2 - (-8 + 9 + 5 + 7).
-11
-42 + 32 + (7 - -2) + -4
-5
Calculate -5 - (17 + -2 + (8 - 62)).
34
(-23 - 18 - -21) + (-1 - (0 - 6))
-15
What is (7 - (23 - 9)) + 4?
-3
Calculate 18 - (10 - -52) - -26.
-18
Evaluate 22 + (-13 - 2) + 2.
9
19 + (-14 - (1 - 5) - -1 - -2)
12
What is 1 + 17 + (-23 - -9)?
4
Calculate -18 - (-14 - (-2 + -2 - 7)).
-15
Calculate -8 + (-12 + -7 - -14 - (0 - 0)).
-13
Calculate (2 - -2 - 0) + -10 - -1.
-5
Calculate -50 + 14 - -27 - (-14 + 0).
5
What is the value of -8 - (0 + (-51 - -58) + -6 + 1)?
-10
What is (-1 - -5 - (-76 + 69)) + -1 + 1?
11
What is the value of -14 + (-4 + (0 - -5) - (13 - 13))?
-13
Calculate -2 - -3 - 1 - (-562 + 584).
-22
What is the value of -28 + 2 - (71 - 79)?
-18
What is (1 - -16) + (-1250 - -1258)?
25
What is the value of 0 + -2 + (-77 - -77 - (1 + -24))?
21
(-9 - -19 - 27) + 22
5
What is the value of 3 + -12 + (-28 - -7) + 2?
-28
Calculate -1 + 14 + -34 - 0.
-21
What is the value of 5 - -12 - (69 - 69)?
17
What is (34 + -11 - 32) + (0 - -2) + -12?
-19
Evaluate -8 - (2 + (18 + (-3 - 5) - 0)).
-20
What is 26 + 10 + (7 - 12) + -13?
18
1 + -6 + 22 - (-6 + -6 + 8)
21
What is 36 - 10 - (18 + -1)?
9
What is -7 - ((0 - -1) + -10 + 5) - 3?
-6
What is the value of 18 + -29 + 16 - ((0 - -1) + 9)?
-5
Calculate 11 - (44 - (5 - (-22 + 18))).
-24
(-12 - (-14 + (0 - -4))) + -15
-17
Evaluate (-12 - 19 - -26) + 3.
-2
What is the value of 2 + (1 + -11 - (1 - 4)) + 30?
25
Calculate (6 - (-6 + 0 + 13)) + 0 + 12.
11
Calculate 1 + (-8 + -7 + 13 + 9 - 2).
6
Calculate 8 + -37 + 27 - -16.
14
What is 59 - 52 - ((7 - 1) + -14)?
15
What is the value of (6 + 3 - 32) + 15?
-8
43 + -35 + (-6 - 16)
-14
Calculate (-47 - (39 - 60)) + (1 - 1).
-26
What is the value of 401 + -403 + (4 - -1) - (39 - 3)?
-33
-6 - ((-2 - (-3 + 2)) + (26 - 30))
-1
Evaluate 0 - (0 + 0) - (-5 + (2 - 6)).
9
(0 - -12) + -3 + -6
3
Evaluate 7 + 11 + (-4 - (-5 - (4 + 5))).
28
What is -1 + 1 + -9 + -18 + 20?
-7
What is -2 + -18 + (-5 - -14 - 10) + 5?
-16
Calculate (28 - 51) + 4 - 3.
-22
Calculate -5 - (-20 - -7 - -18 - (-1 - -10)).
-1
(-1 - 2) + (-51 - -54)
0
What is the value of -1 + -4 + (2 - -11)?
8
(10 - 1) + (-10 + 18 - 9) + -2
6
What is -6 - (2 + -7 + -9 + 9)?
-1
What is 25 - 47 - (-20 - 3)?
1
(-8 - -4) + 2 + 4 - -5
7
Calculate 8 - 3 - -23 - (-195 + 191).
32
What is the value of (3 + 8 - 7) + -2?
2
What is 10 + 0 - (-25 + -17 + 18 + 4)?
30
Calculate -18 + 2 + 1 + 250 + -249.
-14
Calculate 9 + (2 - (-21 + 14 + 13)).
5
(-1043 - -1020) + 1 + (6 - -1)
-15
What is 6 + -11 - (3 + -16) - (31 + -18)?
-5
(-14 - (6 - 22)) + (1 + 2 - 35)
-30
Calculate 20 - (-5 + -17 + 37).
5
What is 81 + -14 + -28 - 16?
23
What is the value of (-65 - -68) + 6 + (1 - (-3 - -6))?
7
Evaluate (377 - 379) + (-1 + 1 - 2) + 14.
10
Calculate -76 - -68 - (4 - (-3 + 4)).
-11
Calculate -35 - ((-60 - -35) + -13).
3
What is the value of 22 + (-11 - (-19 + 41))?
-11
Evaluate -11 + -20 + 18 - -12.
-1
2 + -14 + (-5 - -17) - -11
11
What is (-7 + (-11 - -9) - -22) + 5?
18
What is the value of 108 + -130 + (-3 - -6) - -13?
-6
What is the value of -8 - (-8 - (52 - 44 - (0 - -2)))?
6
What is the value of 1 + 7 + (-14 - -7) + 2?
3
Evaluate (12 - (-9 + 10)) + -4 - (-1 + 3).
5
What is the value of (6 + 8 - -26 - 6) + -16?
18
(2 + -7 + 2 - -3) + -7 + 9
2
What is the value of (-3 - 9 - (13 - 23)) + (4 - -1)?
3
-193 - -202 - (-1 + 4)
6
Evaluate -32 + 43 + -20 + 43.
34
Calculate -16 - -20 - -1 - 4.
1
What is the value of -3 - 1 - ((40 - 21) + -7)?
-16
Evaluate (12 - 9 - -5 - 6) + 6.
8
12 + (-22 - -40) - 53
-23
What is 7 - (-5 + 11 + (-2 - 5) + -6)?
14
Calculate (0 - -7) + 35 + -39 - 2.
1
Evaluate (3 - 1 - -2) + (-56 - -44) + 24.
16
What is -18 - ((11 - 12) + -5)?
-12
What is the value of 7 - 10 - (8 + -3)?
-8
What is the value of (-38 - -37) + (-6 - -8 - 7)?
-6
Calculate 22 - (10 - -11) - (1 + 2).
-2
0 - (6 - 1 - (-29 + 31))
-3
What is -7 + (7 - (1 + -13 + 7 + 14))?
-9
(178 - 195) + (9 - 1)
-9
-9 + (-1 - (7 + (-4 - 6) + 7))
-14
What is the value of 13 - 27 - -20 - 20?
-14
What is (-15 - (-18 - -12)) + 4?
-5
What is the value of -18 + 36 + 6 + (-11 - (-3 - 1))?
17
Evaluate (-14 + (11 - 9) - 9) + -11.
-32
What is the value of -5 + 8 + -3 - 8?
-8
(-1 - (18 - 20)) + 4 + 7
12
Calculate -10 + (22 - 8) - (1 - 9).
12
What is the value of 55 + -50 - (18 - 1 - 3) - 8?
-17
Evaluate (-1 - (5 - 5)) + (2 - -15) + -3.
13
Calculate 1 + 12 + -16 + -4 + 8 + 10.
11
What is -1 - 5 - (-4 - (12 - -4))?
14
Evaluate 5 - (15 + (-8 - 3)) - (-5 - 1).
7
What is (5 - (10 + (10 - (10 + -4)))) + 4?
-5
Evaluate (58 - 27) + -82 + 20.
-31
What is the value of -6 - -29 - (-9 - -26)?
6
What is (-12 - (17 + -41)) + -4?
8
-10 - (-7 + (3 - -8) - 12)
-2
What is the value of (1 - (0 - (6 - 8) - 0)) + 9?
8
Calculate -5 - 5 - (35 + -54).
9
260 + -222 - ((3 - 4) + 14 + -3)
28
What is -5 - ((2 - -1) + 4 + (24 - 24))?
-12
(-1 - -8) + 9 + (0 - 14) + -1
1
Calculate 38 + -24 + (-3 - 25) - -16.
2
What is the value of 1 + -4 - -4 - (0 - (-15 + 2))?
-12
Calculate 1 + (12 - -13) + -19 + 8 + 2.
17
Calculate (8 - 13) + 1 + 5 + -3.
-2
Evaluate 13 + (-9 - (12 + -21)) - 15.
-2
What is the value of